{"id":5163,"date":"2023-09-20T12:55:37","date_gmt":"2023-09-20T10:55:37","guid":{"rendered":"https:\/\/grad-zenica.imperea.ba\/?post_type=kalendar-dogadjaja&#038;p=5163"},"modified":"2023-09-29T12:11:10","modified_gmt":"2023-09-29T10:11:10","slug":"international-cultural-event-spring-2020","status":"publish","type":"kalendar-dogadjaja","link":"https:\/\/stage.zenica.ba\/en\/kalendar-dogadjaja\/international-cultural-event-spring-2020\/","title":{"rendered":"International Cultural Event Spring 2020"},"content":{"rendered":"\n<p>At this year&#8217;s &#8220;Zenica Summer Fest,&#8221; performances will include Jelena Rozga, Van Gogh, Rock k\u031b o fol, Nikola Rokvi\u0107, Pe\u0111a Jovanovi\u0107, D\u017eejla Ramovi\u0107, Ermin Red\u017ei\u0107 Bubi, Denial Ahmetovi\u0107, Laka &amp; Mirela, Nihad Feti\u0107 Hakala, Kenan Dervi\u0161evi\u0107, Antonija \u010cerkez, Zlatan Kari\u0107, and Hanad D\u017eehverovi\u0107.<\/p>\n\n\n\n<p>Additionally, a joint program titled &#8220;Day of Bosnian and Herzegovinian Tradition&#8221; will be performed by three national associations: Preporod, Napredak, and Prosvjeta.<\/p>\n\n\n\n<p>The program also includes three activities for the youngest attendees: &#8220;Walk of Smiles,&#8221; &#8220;Baby Crawling Contest,&#8221; and &#8220;Children&#8217;s Joy Day.&#8221;<\/p>\n\n\n\n<p>On behalf of the technical organizer of the festival, the Public Enterprise Radio-television Zenica, the director of the company and the festival, Nandino \u0160krbi\u0107, addressed the audience. On this occasion, among other things, he stated: &#8220;Zenica Summer Fest was initiated in 2018 at the behest of Mayor Fuad Kasumovi\u0107. Since then, the festival has been on an upward trajectory.&#8221;<\/p>\n\n\n\n<p>Festival director Nandino \u0160krbi\u0107 expressed gratitude to the partners and friends of the festival and to all who have provided selfless support to the &#8220;Zenica Summer Fest.&#8221;<\/p>\n\n\n\n<p>The grand opening of the festival is scheduled for Friday, August 4th, this year at 8:30 PM at Kamberovi\u0107a Polje. Following the opening, the band Van Gogh will hold a solo concert as part of the traditional Motorijada, which, once again this year, is an integral part of the &#8220;Zenica Summer Fest.&#8221;<\/p>\n\n\n\n<p>The City of Zenica is the patron and organizer of the festival, and the technical realization is handled by the Public Enterprise &#8220;RTV Zenica&#8221; d.o.o. Zenica.<\/p>\n","protected":false},"featured_media":4540,"template":"","class_list":["post-5163","kalendar-dogadjaja","type-kalendar-dogadjaja","status-publish","has-post-thumbnail","hentry"],"acf":{"pocetak":"September 21, 2023","vazi_do":"21 October, 2023","prilozi":false},"yoast_head":"<!-- This site is optimized with the Yoast SEO plugin v26.1 - https:\/\/yoast.com\/wordpress\/plugins\/seo\/ -->\n<title>International Cultural Event Spring 2020 - Grad Zenica<\/title>\n<meta name=\"robots\" content=\"noindex, follow, max-snippet:-1, max-image-preview:large, max-video-preview:-1\" \/>\n<meta property=\"og:locale\" content=\"en_US\" \/>\n<meta property=\"og:type\" content=\"article\" \/>\n<meta property=\"og:title\" content=\"International Cultural Event Spring 2020 - Grad Zenica\" \/>\n<meta property=\"og:description\" content=\"At this year&#8217;s &#8220;Zenica Summer Fest,&#8221; performances will include Jelena Rozga, Van Gogh, Rock k\u031b o fol, Nikola Rokvi\u0107, Pe\u0111a Jovanovi\u0107, D\u017eejla Ramovi\u0107, Ermin Red\u017ei\u0107 Bubi, Denial Ahmetovi\u0107, Laka &amp; Mirela, Nihad Feti\u0107 Hakala, Kenan Dervi\u0161evi\u0107, Antonija \u010cerkez, Zlatan Kari\u0107, and Hanad D\u017eehverovi\u0107. Additionally, a joint program titled &#8220;Day of Bosnian and Herzegovinian Tradition&#8221; will [&hellip;]\" \/>\n<meta property=\"og:url\" content=\"https:\/\/stage.zenica.ba\/?post_type=kalendar-dogadjaja&amp;p=3443\" \/>\n<meta property=\"og:site_name\" content=\"Grad Zenica\" \/>\n<meta property=\"article:publisher\" content=\"https:\/\/www.facebook.com\/GradskaupravaZenica\" \/>\n<meta property=\"article:modified_time\" content=\"2023-09-29T10:11:10+00:00\" \/>\n<meta property=\"og:image\" content=\"https:\/\/stage.zenica.ba\/wp-content\/uploads\/2023\/09\/1690357289387835.jpg\" \/>\n\t<meta property=\"og:image:width\" content=\"1600\" \/>\n\t<meta property=\"og:image:height\" content=\"1120\" \/>\n\t<meta property=\"og:image:type\" content=\"image\/jpeg\" \/>\n<meta name=\"twitter:card\" content=\"summary_large_image\" \/>\n<meta name=\"twitter:label1\" content=\"Est. reading time\" \/>\n\t<meta name=\"twitter:data1\" content=\"1 minute\" \/>\n<script type=\"application\/ld+json\" class=\"yoast-schema-graph\">{\"@context\":\"https:\/\/schema.org\",\"@graph\":[{\"@type\":\"WebPage\",\"@id\":\"https:\/\/stage.zenica.ba\/?post_type=kalendar-dogadjaja&p=3443\",\"url\":\"https:\/\/stage.zenica.ba\/?post_type=kalendar-dogadjaja&p=3443\",\"name\":\"International Cultural Event Spring 2020 - Grad Zenica\",\"isPartOf\":{\"@id\":\"https:\/\/stage.zenica.ba\/#website\"},\"primaryImageOfPage\":{\"@id\":\"https:\/\/stage.zenica.ba\/?post_type=kalendar-dogadjaja&p=3443#primaryimage\"},\"image\":{\"@id\":\"https:\/\/stage.zenica.ba\/?post_type=kalendar-dogadjaja&p=3443#primaryimage\"},\"thumbnailUrl\":\"https:\/\/stage.zenica.ba\/wp-content\/uploads\/2023\/09\/1690357289387835.jpg\",\"datePublished\":\"2023-09-20T10:55:37+00:00\",\"dateModified\":\"2023-09-29T10:11:10+00:00\",\"breadcrumb\":{\"@id\":\"https:\/\/stage.zenica.ba\/?post_type=kalendar-dogadjaja&p=3443#breadcrumb\"},\"inLanguage\":\"en-US\",\"potentialAction\":[{\"@type\":\"ReadAction\",\"target\":[\"https:\/\/stage.zenica.ba\/?post_type=kalendar-dogadjaja&p=3443\"]}]},{\"@type\":\"ImageObject\",\"inLanguage\":\"en-US\",\"@id\":\"https:\/\/stage.zenica.ba\/?post_type=kalendar-dogadjaja&p=3443#primaryimage\",\"url\":\"https:\/\/stage.zenica.ba\/wp-content\/uploads\/2023\/09\/1690357289387835.jpg\",\"contentUrl\":\"https:\/\/stage.zenica.ba\/wp-content\/uploads\/2023\/09\/1690357289387835.jpg\",\"width\":1600,\"height\":1120},{\"@type\":\"BreadcrumbList\",\"@id\":\"https:\/\/stage.zenica.ba\/?post_type=kalendar-dogadjaja&p=3443#breadcrumb\",\"itemListElement\":[{\"@type\":\"ListItem\",\"position\":1,\"name\":\"Home\",\"item\":\"https:\/\/stage.zenica.ba\/en\/\"},{\"@type\":\"ListItem\",\"position\":2,\"name\":\"International Cultural Event Spring 2020\"}]},{\"@type\":\"WebSite\",\"@id\":\"https:\/\/stage.zenica.ba\/#website\",\"url\":\"https:\/\/stage.zenica.ba\/\",\"name\":\"Grad Zenica\",\"description\":\"Slu\u017ebena stranica grada Zenica\",\"publisher\":{\"@id\":\"https:\/\/stage.zenica.ba\/#organization\"},\"potentialAction\":[{\"@type\":\"SearchAction\",\"target\":{\"@type\":\"EntryPoint\",\"urlTemplate\":\"https:\/\/stage.zenica.ba\/?s={search_term_string}\"},\"query-input\":{\"@type\":\"PropertyValueSpecification\",\"valueRequired\":true,\"valueName\":\"search_term_string\"}}],\"inLanguage\":\"en-US\"},{\"@type\":\"Organization\",\"@id\":\"https:\/\/stage.zenica.ba\/#organization\",\"name\":\"Grad Zenica\",\"url\":\"https:\/\/stage.zenica.ba\/\",\"logo\":{\"@type\":\"ImageObject\",\"inLanguage\":\"en-US\",\"@id\":\"https:\/\/stage.zenica.ba\/#\/schema\/logo\/image\/\",\"url\":\"https:\/\/stage.zenica.ba\/wp-content\/uploads\/2023\/10\/Grb-2.png\",\"contentUrl\":\"https:\/\/stage.zenica.ba\/wp-content\/uploads\/2023\/10\/Grb-2.png\",\"width\":2000,\"height\":2000,\"caption\":\"Grad Zenica\"},\"image\":{\"@id\":\"https:\/\/stage.zenica.ba\/#\/schema\/logo\/image\/\"},\"sameAs\":[\"https:\/\/www.facebook.com\/GradskaupravaZenica\"]}]}<\/script>\n<!-- \/ Yoast SEO plugin. -->","yoast_head_json":{"title":"International Cultural Event Spring 2020 - Grad Zenica","robots":{"index":"noindex","follow":"follow","max-snippet":"max-snippet:-1","max-image-preview":"max-image-preview:large","max-video-preview":"max-video-preview:-1"},"og_locale":"en_US","og_type":"article","og_title":"International Cultural Event Spring 2020 - Grad Zenica","og_description":"At this year&#8217;s &#8220;Zenica Summer Fest,&#8221; performances will include Jelena Rozga, Van Gogh, Rock k\u031b o fol, Nikola Rokvi\u0107, Pe\u0111a Jovanovi\u0107, D\u017eejla Ramovi\u0107, Ermin Red\u017ei\u0107 Bubi, Denial Ahmetovi\u0107, Laka &amp; Mirela, Nihad Feti\u0107 Hakala, Kenan Dervi\u0161evi\u0107, Antonija \u010cerkez, Zlatan Kari\u0107, and Hanad D\u017eehverovi\u0107. Additionally, a joint program titled &#8220;Day of Bosnian and Herzegovinian Tradition&#8221; will [&hellip;]","og_url":"https:\/\/stage.zenica.ba\/?post_type=kalendar-dogadjaja&p=3443","og_site_name":"Grad Zenica","article_publisher":"https:\/\/www.facebook.com\/GradskaupravaZenica","article_modified_time":"2023-09-29T10:11:10+00:00","og_image":[{"width":1600,"height":1120,"url":"https:\/\/stage.zenica.ba\/wp-content\/uploads\/2023\/09\/1690357289387835.jpg","type":"image\/jpeg"}],"twitter_card":"summary_large_image","twitter_misc":{"Est. reading time":"1 minute"},"schema":{"@context":"https:\/\/schema.org","@graph":[{"@type":"WebPage","@id":"https:\/\/stage.zenica.ba\/?post_type=kalendar-dogadjaja&p=3443","url":"https:\/\/stage.zenica.ba\/?post_type=kalendar-dogadjaja&p=3443","name":"International Cultural Event Spring 2020 - Grad Zenica","isPartOf":{"@id":"https:\/\/stage.zenica.ba\/#website"},"primaryImageOfPage":{"@id":"https:\/\/stage.zenica.ba\/?post_type=kalendar-dogadjaja&p=3443#primaryimage"},"image":{"@id":"https:\/\/stage.zenica.ba\/?post_type=kalendar-dogadjaja&p=3443#primaryimage"},"thumbnailUrl":"https:\/\/stage.zenica.ba\/wp-content\/uploads\/2023\/09\/1690357289387835.jpg","datePublished":"2023-09-20T10:55:37+00:00","dateModified":"2023-09-29T10:11:10+00:00","breadcrumb":{"@id":"https:\/\/stage.zenica.ba\/?post_type=kalendar-dogadjaja&p=3443#breadcrumb"},"inLanguage":"en-US","potentialAction":[{"@type":"ReadAction","target":["https:\/\/stage.zenica.ba\/?post_type=kalendar-dogadjaja&p=3443"]}]},{"@type":"ImageObject","inLanguage":"en-US","@id":"https:\/\/stage.zenica.ba\/?post_type=kalendar-dogadjaja&p=3443#primaryimage","url":"https:\/\/stage.zenica.ba\/wp-content\/uploads\/2023\/09\/1690357289387835.jpg","contentUrl":"https:\/\/stage.zenica.ba\/wp-content\/uploads\/2023\/09\/1690357289387835.jpg","width":1600,"height":1120},{"@type":"BreadcrumbList","@id":"https:\/\/stage.zenica.ba\/?post_type=kalendar-dogadjaja&p=3443#breadcrumb","itemListElement":[{"@type":"ListItem","position":1,"name":"Home","item":"https:\/\/stage.zenica.ba\/en\/"},{"@type":"ListItem","position":2,"name":"International Cultural Event Spring 2020"}]},{"@type":"WebSite","@id":"https:\/\/stage.zenica.ba\/#website","url":"https:\/\/stage.zenica.ba\/","name":"Grad Zenica","description":"Slu\u017ebena stranica grada Zenica","publisher":{"@id":"https:\/\/stage.zenica.ba\/#organization"},"potentialAction":[{"@type":"SearchAction","target":{"@type":"EntryPoint","urlTemplate":"https:\/\/stage.zenica.ba\/?s={search_term_string}"},"query-input":{"@type":"PropertyValueSpecification","valueRequired":true,"valueName":"search_term_string"}}],"inLanguage":"en-US"},{"@type":"Organization","@id":"https:\/\/stage.zenica.ba\/#organization","name":"Grad Zenica","url":"https:\/\/stage.zenica.ba\/","logo":{"@type":"ImageObject","inLanguage":"en-US","@id":"https:\/\/stage.zenica.ba\/#\/schema\/logo\/image\/","url":"https:\/\/stage.zenica.ba\/wp-content\/uploads\/2023\/10\/Grb-2.png","contentUrl":"https:\/\/stage.zenica.ba\/wp-content\/uploads\/2023\/10\/Grb-2.png","width":2000,"height":2000,"caption":"Grad Zenica"},"image":{"@id":"https:\/\/stage.zenica.ba\/#\/schema\/logo\/image\/"},"sameAs":["https:\/\/www.facebook.com\/GradskaupravaZenica"]}]}},"_links":{"self":[{"href":"https:\/\/stage.zenica.ba\/en\/wp-json\/wp\/v2\/kalendar-dogadjaja\/5163","targetHints":{"allow":["GET"]}}],"collection":[{"href":"https:\/\/stage.zenica.ba\/en\/wp-json\/wp\/v2\/kalendar-dogadjaja"}],"about":[{"href":"https:\/\/stage.zenica.ba\/en\/wp-json\/wp\/v2\/types\/kalendar-dogadjaja"}],"wp:featuredmedia":[{"embeddable":true,"href":"https:\/\/stage.zenica.ba\/en\/wp-json\/wp\/v2\/media\/4540"}],"wp:attachment":[{"href":"https:\/\/stage.zenica.ba\/en\/wp-json\/wp\/v2\/media?parent=5163"}],"curies":[{"name":"wp","href":"https:\/\/api.w.org\/{rel}","templated":true}]}}

<p>At this year&#8217;s &#8220;Zenica Summer Fest,&#8221; performances will include Jelena Rozga, Van Gogh, Rock k̛ o fol, Nikola Rokvić, Peđa Jovanović, Džejla Ramović, Ermin Redžić Bubi, Denial Ahmetović, Laka &amp; Mirela, Nihad Fetić Hakala, Kenan Dervišević, Antonija Čerkez, Zlatan Karić, and Hanad Džehverović.</p>



<p>Additionally, a joint program titled &#8220;Day of Bosnian and Herzegovinian Tradition&#8221; will be performed by three national associations: Preporod, Napredak, and Prosvjeta.</p>



<p>The program also includes three activities for the youngest attendees: &#8220;Walk of Smiles,&#8221; &#8220;Baby Crawling Contest,&#8221; and &#8220;Children&#8217;s Joy Day.&#8221;</p>



<p>On behalf of the technical organizer of the festival, the Public Enterprise Radio-television Zenica, the director of the company and the festival, Nandino Škrbić, addressed the audience. On this occasion, among other things, he stated: &#8220;Zenica Summer Fest was initiated in 2018 at the behest of Mayor Fuad Kasumović. Since then, the festival has been on an upward trajectory.&#8221;</p>



<p>Festival director Nandino Škrbić expressed gratitude to the partners and friends of the festival and to all who have provided selfless support to the &#8220;Zenica Summer Fest.&#8221;</p>



<p>The grand opening of the festival is scheduled for Friday, August 4th, this year at 8:30 PM at Kamberovića Polje. Following the opening, the band Van Gogh will hold a solo concert as part of the traditional Motorijada, which, once again this year, is an integral part of the &#8220;Zenica Summer Fest.&#8221;</p>



<p>The City of Zenica is the patron and organizer of the festival, and the technical realization is handled by the Public Enterprise &#8220;RTV Zenica&#8221; d.o.o. Zenica.</p>

<!-- This site is optimized with the Yoast SEO plugin v26.1 - https://yoast.com/wordpress/plugins/seo/ -->
<title>International Cultural Event Spring 2020 - Grad Zenica</title>
<meta name="robots" content="noindex, follow, max-snippet:-1, max-image-preview:large, max-video-preview:-1" />
<meta property="og:locale" content="en_US" />
<meta property="og:type" content="article" />
<meta property="og:title" content="International Cultural Event Spring 2020 - Grad Zenica" />
<meta property="og:description" content="At this year&#8217;s &#8220;Zenica Summer Fest,&#8221; performances will include Jelena Rozga, Van Gogh, Rock k̛ o fol, Nikola Rokvić, Peđa Jovanović, Džejla Ramović, Ermin Redžić Bubi, Denial Ahmetović, Laka &amp; Mirela, Nihad Fetić Hakala, Kenan Dervišević, Antonija Čerkez, Zlatan Karić, and Hanad Džehverović. Additionally, a joint program titled &#8220;Day of Bosnian and Herzegovinian Tradition&#8221; will [&hellip;]" />
<meta property="og:url" content="https://stage.zenica.ba/?post_type=kalendar-dogadjaja&amp;p=3443" />
<meta property="og:site_name" content="Grad Zenica" />
<meta property="article:publisher" content="https://www.facebook.com/GradskaupravaZenica" />
<meta property="article:modified_time" content="2023-09-29T10:11:10+00:00" />
<meta property="og:image" content="https://stage.zenica.ba/wp-content/uploads/2023/09/1690357289387835.jpg" />
	<meta property="og:image:width" content="1600" />
	<meta property="og:image:height" content="1120" />
	<meta property="og:image:type" content="image/jpeg" />
<meta name="twitter:card" content="summary_large_image" />
<meta name="twitter:label1" content="Est. reading time" />
	<meta name="twitter:data1" content="1 minute" />
<script type="application/ld+json" class="yoast-schema-graph">{"@context":"https://schema.org","@graph":[{"@type":"WebPage","@id":"https://stage.zenica.ba/?post_type=kalendar-dogadjaja&p=3443","url":"https://stage.zenica.ba/?post_type=kalendar-dogadjaja&p=3443","name":"International Cultural Event Spring 2020 - Grad Zenica","isPartOf":{"@id":"https://stage.zenica.ba/#website"},"primaryImageOfPage":{"@id":"https://stage.zenica.ba/?post_type=kalendar-dogadjaja&p=3443#primaryimage"},"image":{"@id":"https://stage.zenica.ba/?post_type=kalendar-dogadjaja&p=3443#primaryimage"},"thumbnailUrl":"https://stage.zenica.ba/wp-content/uploads/2023/09/1690357289387835.jpg","datePublished":"2023-09-20T10:55:37+00:00","dateModified":"2023-09-29T10:11:10+00:00","breadcrumb":{"@id":"https://stage.zenica.ba/?post_type=kalendar-dogadjaja&p=3443#breadcrumb"},"inLanguage":"en-US","potentialAction":[{"@type":"ReadAction","target":["https://stage.zenica.ba/?post_type=kalendar-dogadjaja&p=3443"]}]},{"@type":"ImageObject","inLanguage":"en-US","@id":"https://stage.zenica.ba/?post_type=kalendar-dogadjaja&p=3443#primaryimage","url":"https://stage.zenica.ba/wp-content/uploads/2023/09/1690357289387835.jpg","contentUrl":"https://stage.zenica.ba/wp-content/uploads/2023/09/1690357289387835.jpg","width":1600,"height":1120},{"@type":"BreadcrumbList","@id":"https://stage.zenica.ba/?post_type=kalendar-dogadjaja&p=3443#breadcrumb","itemListElement":[{"@type":"ListItem","position":1,"name":"Home","item":"https://stage.zenica.ba/en/"},{"@type":"ListItem","position":2,"name":"International Cultural Event Spring 2020"}]},{"@type":"WebSite","@id":"https://stage.zenica.ba/#website","url":"https://stage.zenica.ba/","name":"Grad Zenica","description":"Službena stranica grada Zenica","publisher":{"@id":"https://stage.zenica.ba/#organization"},"potentialAction":[{"@type":"SearchAction","target":{"@type":"EntryPoint","urlTemplate":"https://stage.zenica.ba/?s={search_term_string}"},"query-input":{"@type":"PropertyValueSpecification","valueRequired":true,"valueName":"search_term_string"}}],"inLanguage":"en-US"},{"@type":"Organization","@id":"https://stage.zenica.ba/#organization","name":"Grad Zenica","url":"https://stage.zenica.ba/","logo":{"@type":"ImageObject","inLanguage":"en-US","@id":"https://stage.zenica.ba/#/schema/logo/image/","url":"https://stage.zenica.ba/wp-content/uploads/2023/10/Grb-2.png","contentUrl":"https://stage.zenica.ba/wp-content/uploads/2023/10/Grb-2.png","width":2000,"height":2000,"caption":"Grad Zenica"},"image":{"@id":"https://stage.zenica.ba/#/schema/logo/image/"},"sameAs":["https://www.facebook.com/GradskaupravaZenica"]}]}</script>
<!-- / Yoast SEO plugin. -->

At this year&#8217;s &#8220;Zenica Summer Fest,&#8221; performances will include Jelena Rozga, Van Gogh, Rock k̛ o fol, Nikola Rokvić, Peđa Jovanović, Džejla Ramović, Ermin Redžić Bubi, Denial Ahmetović, Laka &amp; Mirela, Nihad Fetić Hakala, Kenan Dervišević, Antonija Čerkez, Zlatan Karić, and Hanad Džehverović. Additionally, a joint program titled &#8220;Day of Bosnian and Herzegovinian Tradition&#8221; will [&hellip;]

Službena stranica grada Zenica
