{"id":10470,"date":"2023-09-21T16:32:14","date_gmt":"2023-09-21T14:32:14","guid":{"rendered":"https:\/\/stage.zenica.ba\/?post_type=aktuelni-projekti&#038;p=10470"},"modified":"2024-04-30T11:17:19","modified_gmt":"2024-04-30T09:17:19","slug":"test123","status":"publish","type":"aktuelni-projekti","link":"https:\/\/stage.zenica.ba\/en\/aktuelni-projekti\/test123\/","title":{"rendered":"test123"},"content":{"rendered":"\n<p>Grad Zenica je jedna od lokalnih zajednica u kojima \u0107e se implementirati projekat \u201ePodr\u0161ka Evropske unije lokalnim partnerstvima za zapo\u0161ljavanje \u2013 Faza II\u201c (LEP II) koji finansira Evropska unija u iznosu od 4 miliona eura, a realizuje Me\u0111unarodna organizacija rada u Bosni i Hercegovini.<\/p>\n\n\n\n<p>Grad je glavni podnosilac projektnog prijedloga pod nazivom iSKOraK \u2013 Partnerstvo za nova radna mjesta u okviru ILO projekta finansiranog od strane Evropske unije.<\/p>\n\n\n\n<p>Pro\u0161li mjesec potpisan je Implementacijski Sporazum sa Internacionalnom organizacijom za zapo\u0161ljavanje (ILO) u kojem su definisani uslovi implementacije projekta pod nazivom iSKOraK \u2013 Partnerstvo za nova radna mjesta.<\/p>\n\n\n\n<p>Supodnosilac na ovom projektu je Zeni\u010dka razvojna agencija ZEDA.<\/p>\n\n\n\n<p>Ukupna vrijednost projekta iznosi 479.214,14 KM, od \u010dega 312.932,80 KM predstavljaju grant sredstva, a 166.281,34 KM je sufinansiranje od strane partnera na projektu.<\/p>\n\n\n\n<p>Cilj projekta je da osigura kreiranje i sprovedbu programa aktivacije i integracije nezaposlenih osoba u lokalna tr\u017ei\u0161ta rada od strane lokalnih partnerstava za zapo\u0161ljavanje.<\/p>\n\n\n\n<p>Prethodna faza ovog projekta koja je tako\u0111er realizirana uz podr\u0161ku Evropske unije se pokazala uspje\u0161nom i podr\u017ean je razvoj 19 lokalnih partnerstava za zapo\u0161ljavanje koja su svojim djelovanjem prekvalifikovala preko 1600 nezaposlenih osoba od kojih je preko 550 zaposleno.<\/p>\n\n\n\n<p>Radilo se primarno o socijalno ugro\u017eenim kategorijama stanovni\u0161tva uklju\u010duju\u0107i \u017eene, mlade,&nbsp; manjinske zajednice, povratnike, interno raseljena lica i te\u0161ko zapo\u0161ljive osobe.<\/p>\n","protected":false},"featured_media":0,"template":"","class_list":["post-10470","aktuelni-projekti","type-aktuelni-projekti","status-publish","hentry"],"acf":{"vazi_do":"","prilozi":false},"yoast_head":"<!-- This site is optimized with the Yoast SEO plugin v26.1 - https:\/\/yoast.com\/wordpress\/plugins\/seo\/ -->\n<title>test123 - Grad Zenica<\/title>\n<meta name=\"robots\" content=\"noindex, follow, max-snippet:-1, max-image-preview:large, max-video-preview:-1\" \/>\n<meta property=\"og:locale\" content=\"en_US\" \/>\n<meta property=\"og:type\" content=\"article\" \/>\n<meta property=\"og:title\" content=\"test123 - Grad Zenica\" \/>\n<meta property=\"og:description\" content=\"Grad Zenica je jedna od lokalnih zajednica u kojima \u0107e se implementirati projekat \u201ePodr\u0161ka Evropske unije lokalnim partnerstvima za zapo\u0161ljavanje \u2013 Faza II\u201c (LEP II) koji finansira Evropska unija u iznosu od 4 miliona eura, a realizuje Me\u0111unarodna organizacija rada u Bosni i Hercegovini. Grad je glavni podnosilac projektnog prijedloga pod nazivom iSKOraK \u2013 Partnerstvo [&hellip;]\" \/>\n<meta property=\"og:url\" content=\"https:\/\/stage.zenica.ba\/en\/aktuelni-projekti\/test123\/\" \/>\n<meta property=\"og:site_name\" content=\"Grad Zenica\" \/>\n<meta property=\"article:publisher\" content=\"https:\/\/www.facebook.com\/GradskaupravaZenica\" \/>\n<meta property=\"article:modified_time\" content=\"2024-04-30T09:17:19+00:00\" \/>\n<meta property=\"og:image\" content=\"https:\/\/stage.zenica.ba\/wp-content\/uploads\/2023\/10\/Grb-2.png\" \/>\n\t<meta property=\"og:image:width\" content=\"2000\" \/>\n\t<meta property=\"og:image:height\" content=\"2000\" \/>\n\t<meta property=\"og:image:type\" content=\"image\/png\" \/>\n<meta name=\"twitter:card\" content=\"summary_large_image\" \/>\n<meta name=\"twitter:label1\" content=\"Est. reading time\" \/>\n\t<meta name=\"twitter:data1\" content=\"1 minute\" \/>\n<script type=\"application\/ld+json\" class=\"yoast-schema-graph\">{\"@context\":\"https:\/\/schema.org\",\"@graph\":[{\"@type\":\"WebPage\",\"@id\":\"https:\/\/stage.zenica.ba\/en\/aktuelni-projekti\/test123\/\",\"url\":\"https:\/\/stage.zenica.ba\/en\/aktuelni-projekti\/test123\/\",\"name\":\"test123 - Grad Zenica\",\"isPartOf\":{\"@id\":\"https:\/\/stage.zenica.ba\/#website\"},\"datePublished\":\"2023-09-21T14:32:14+00:00\",\"dateModified\":\"2024-04-30T09:17:19+00:00\",\"breadcrumb\":{\"@id\":\"https:\/\/stage.zenica.ba\/en\/aktuelni-projekti\/test123\/#breadcrumb\"},\"inLanguage\":\"en-US\",\"potentialAction\":[{\"@type\":\"ReadAction\",\"target\":[\"https:\/\/stage.zenica.ba\/en\/aktuelni-projekti\/test123\/\"]}]},{\"@type\":\"BreadcrumbList\",\"@id\":\"https:\/\/stage.zenica.ba\/en\/aktuelni-projekti\/test123\/#breadcrumb\",\"itemListElement\":[{\"@type\":\"ListItem\",\"position\":1,\"name\":\"Home\",\"item\":\"https:\/\/stage.zenica.ba\/en\/\"},{\"@type\":\"ListItem\",\"position\":2,\"name\":\"test123\"}]},{\"@type\":\"WebSite\",\"@id\":\"https:\/\/stage.zenica.ba\/#website\",\"url\":\"https:\/\/stage.zenica.ba\/\",\"name\":\"Grad Zenica\",\"description\":\"Slu\u017ebena stranica grada Zenica\",\"publisher\":{\"@id\":\"https:\/\/stage.zenica.ba\/#organization\"},\"potentialAction\":[{\"@type\":\"SearchAction\",\"target\":{\"@type\":\"EntryPoint\",\"urlTemplate\":\"https:\/\/stage.zenica.ba\/?s={search_term_string}\"},\"query-input\":{\"@type\":\"PropertyValueSpecification\",\"valueRequired\":true,\"valueName\":\"search_term_string\"}}],\"inLanguage\":\"en-US\"},{\"@type\":\"Organization\",\"@id\":\"https:\/\/stage.zenica.ba\/#organization\",\"name\":\"Grad Zenica\",\"url\":\"https:\/\/stage.zenica.ba\/\",\"logo\":{\"@type\":\"ImageObject\",\"inLanguage\":\"en-US\",\"@id\":\"https:\/\/stage.zenica.ba\/#\/schema\/logo\/image\/\",\"url\":\"https:\/\/stage.zenica.ba\/wp-content\/uploads\/2023\/10\/Grb-2.png\",\"contentUrl\":\"https:\/\/stage.zenica.ba\/wp-content\/uploads\/2023\/10\/Grb-2.png\",\"width\":2000,\"height\":2000,\"caption\":\"Grad Zenica\"},\"image\":{\"@id\":\"https:\/\/stage.zenica.ba\/#\/schema\/logo\/image\/\"},\"sameAs\":[\"https:\/\/www.facebook.com\/GradskaupravaZenica\"]}]}<\/script>\n<!-- \/ Yoast SEO plugin. -->","yoast_head_json":{"title":"test123 - Grad Zenica","robots":{"index":"noindex","follow":"follow","max-snippet":"max-snippet:-1","max-image-preview":"max-image-preview:large","max-video-preview":"max-video-preview:-1"},"og_locale":"en_US","og_type":"article","og_title":"test123 - Grad Zenica","og_description":"Grad Zenica je jedna od lokalnih zajednica u kojima \u0107e se implementirati projekat \u201ePodr\u0161ka Evropske unije lokalnim partnerstvima za zapo\u0161ljavanje \u2013 Faza II\u201c (LEP II) koji finansira Evropska unija u iznosu od 4 miliona eura, a realizuje Me\u0111unarodna organizacija rada u Bosni i Hercegovini. Grad je glavni podnosilac projektnog prijedloga pod nazivom iSKOraK \u2013 Partnerstvo [&hellip;]","og_url":"https:\/\/stage.zenica.ba\/en\/aktuelni-projekti\/test123\/","og_site_name":"Grad Zenica","article_publisher":"https:\/\/www.facebook.com\/GradskaupravaZenica","article_modified_time":"2024-04-30T09:17:19+00:00","og_image":[{"width":2000,"height":2000,"url":"https:\/\/stage.zenica.ba\/wp-content\/uploads\/2023\/10\/Grb-2.png","type":"image\/png"}],"twitter_card":"summary_large_image","twitter_misc":{"Est. reading time":"1 minute"},"schema":{"@context":"https:\/\/schema.org","@graph":[{"@type":"WebPage","@id":"https:\/\/stage.zenica.ba\/en\/aktuelni-projekti\/test123\/","url":"https:\/\/stage.zenica.ba\/en\/aktuelni-projekti\/test123\/","name":"test123 - Grad Zenica","isPartOf":{"@id":"https:\/\/stage.zenica.ba\/#website"},"datePublished":"2023-09-21T14:32:14+00:00","dateModified":"2024-04-30T09:17:19+00:00","breadcrumb":{"@id":"https:\/\/stage.zenica.ba\/en\/aktuelni-projekti\/test123\/#breadcrumb"},"inLanguage":"en-US","potentialAction":[{"@type":"ReadAction","target":["https:\/\/stage.zenica.ba\/en\/aktuelni-projekti\/test123\/"]}]},{"@type":"BreadcrumbList","@id":"https:\/\/stage.zenica.ba\/en\/aktuelni-projekti\/test123\/#breadcrumb","itemListElement":[{"@type":"ListItem","position":1,"name":"Home","item":"https:\/\/stage.zenica.ba\/en\/"},{"@type":"ListItem","position":2,"name":"test123"}]},{"@type":"WebSite","@id":"https:\/\/stage.zenica.ba\/#website","url":"https:\/\/stage.zenica.ba\/","name":"Grad Zenica","description":"Slu\u017ebena stranica grada Zenica","publisher":{"@id":"https:\/\/stage.zenica.ba\/#organization"},"potentialAction":[{"@type":"SearchAction","target":{"@type":"EntryPoint","urlTemplate":"https:\/\/stage.zenica.ba\/?s={search_term_string}"},"query-input":{"@type":"PropertyValueSpecification","valueRequired":true,"valueName":"search_term_string"}}],"inLanguage":"en-US"},{"@type":"Organization","@id":"https:\/\/stage.zenica.ba\/#organization","name":"Grad Zenica","url":"https:\/\/stage.zenica.ba\/","logo":{"@type":"ImageObject","inLanguage":"en-US","@id":"https:\/\/stage.zenica.ba\/#\/schema\/logo\/image\/","url":"https:\/\/stage.zenica.ba\/wp-content\/uploads\/2023\/10\/Grb-2.png","contentUrl":"https:\/\/stage.zenica.ba\/wp-content\/uploads\/2023\/10\/Grb-2.png","width":2000,"height":2000,"caption":"Grad Zenica"},"image":{"@id":"https:\/\/stage.zenica.ba\/#\/schema\/logo\/image\/"},"sameAs":["https:\/\/www.facebook.com\/GradskaupravaZenica"]}]}},"_links":{"self":[{"href":"https:\/\/stage.zenica.ba\/en\/wp-json\/wp\/v2\/aktuelni-projekti\/10470","targetHints":{"allow":["GET"]}}],"collection":[{"href":"https:\/\/stage.zenica.ba\/en\/wp-json\/wp\/v2\/aktuelni-projekti"}],"about":[{"href":"https:\/\/stage.zenica.ba\/en\/wp-json\/wp\/v2\/types\/aktuelni-projekti"}],"wp:attachment":[{"href":"https:\/\/stage.zenica.ba\/en\/wp-json\/wp\/v2\/media?parent=10470"}],"curies":[{"name":"wp","href":"https:\/\/api.w.org\/{rel}","templated":true}]}}

<p>Grad Zenica je jedna od lokalnih zajednica u kojima će se implementirati projekat „Podrška Evropske unije lokalnim partnerstvima za zapošljavanje – Faza II“ (LEP II) koji finansira Evropska unija u iznosu od 4 miliona eura, a realizuje Međunarodna organizacija rada u Bosni i Hercegovini.</p>



<p>Grad je glavni podnosilac projektnog prijedloga pod nazivom iSKOraK – Partnerstvo za nova radna mjesta u okviru ILO projekta finansiranog od strane Evropske unije.</p>



<p>Prošli mjesec potpisan je Implementacijski Sporazum sa Internacionalnom organizacijom za zapošljavanje (ILO) u kojem su definisani uslovi implementacije projekta pod nazivom iSKOraK – Partnerstvo za nova radna mjesta.</p>



<p>Supodnosilac na ovom projektu je Zenička razvojna agencija ZEDA.</p>



<p>Ukupna vrijednost projekta iznosi 479.214,14 KM, od čega 312.932,80 KM predstavljaju grant sredstva, a 166.281,34 KM je sufinansiranje od strane partnera na projektu.</p>



<p>Cilj projekta je da osigura kreiranje i sprovedbu programa aktivacije i integracije nezaposlenih osoba u lokalna tržišta rada od strane lokalnih partnerstava za zapošljavanje.</p>



<p>Prethodna faza ovog projekta koja je također realizirana uz podršku Evropske unije se pokazala uspješnom i podržan je razvoj 19 lokalnih partnerstava za zapošljavanje koja su svojim djelovanjem prekvalifikovala preko 1600 nezaposlenih osoba od kojih je preko 550 zaposleno.</p>



<p>Radilo se primarno o socijalno ugroženim kategorijama stanovništva uključujući žene, mlade,&nbsp; manjinske zajednice, povratnike, interno raseljena lica i teško zapošljive osobe.</p>

<!-- This site is optimized with the Yoast SEO plugin v26.1 - https://yoast.com/wordpress/plugins/seo/ -->
<title>test123 - Grad Zenica</title>
<meta name="robots" content="noindex, follow, max-snippet:-1, max-image-preview:large, max-video-preview:-1" />
<meta property="og:locale" content="en_US" />
<meta property="og:type" content="article" />
<meta property="og:title" content="test123 - Grad Zenica" />
<meta property="og:description" content="Grad Zenica je jedna od lokalnih zajednica u kojima će se implementirati projekat „Podrška Evropske unije lokalnim partnerstvima za zapošljavanje – Faza II“ (LEP II) koji finansira Evropska unija u iznosu od 4 miliona eura, a realizuje Međunarodna organizacija rada u Bosni i Hercegovini. Grad je glavni podnosilac projektnog prijedloga pod nazivom iSKOraK – Partnerstvo [&hellip;]" />
<meta property="og:url" content="https://stage.zenica.ba/en/aktuelni-projekti/test123/" />
<meta property="og:site_name" content="Grad Zenica" />
<meta property="article:publisher" content="https://www.facebook.com/GradskaupravaZenica" />
<meta property="article:modified_time" content="2024-04-30T09:17:19+00:00" />
<meta property="og:image" content="https://stage.zenica.ba/wp-content/uploads/2023/10/Grb-2.png" />
	<meta property="og:image:width" content="2000" />
	<meta property="og:image:height" content="2000" />
	<meta property="og:image:type" content="image/png" />
<meta name="twitter:card" content="summary_large_image" />
<meta name="twitter:label1" content="Est. reading time" />
	<meta name="twitter:data1" content="1 minute" />
<script type="application/ld+json" class="yoast-schema-graph">{"@context":"https://schema.org","@graph":[{"@type":"WebPage","@id":"https://stage.zenica.ba/en/aktuelni-projekti/test123/","url":"https://stage.zenica.ba/en/aktuelni-projekti/test123/","name":"test123 - Grad Zenica","isPartOf":{"@id":"https://stage.zenica.ba/#website"},"datePublished":"2023-09-21T14:32:14+00:00","dateModified":"2024-04-30T09:17:19+00:00","breadcrumb":{"@id":"https://stage.zenica.ba/en/aktuelni-projekti/test123/#breadcrumb"},"inLanguage":"en-US","potentialAction":[{"@type":"ReadAction","target":["https://stage.zenica.ba/en/aktuelni-projekti/test123/"]}]},{"@type":"BreadcrumbList","@id":"https://stage.zenica.ba/en/aktuelni-projekti/test123/#breadcrumb","itemListElement":[{"@type":"ListItem","position":1,"name":"Home","item":"https://stage.zenica.ba/en/"},{"@type":"ListItem","position":2,"name":"test123"}]},{"@type":"WebSite","@id":"https://stage.zenica.ba/#website","url":"https://stage.zenica.ba/","name":"Grad Zenica","description":"Službena stranica grada Zenica","publisher":{"@id":"https://stage.zenica.ba/#organization"},"potentialAction":[{"@type":"SearchAction","target":{"@type":"EntryPoint","urlTemplate":"https://stage.zenica.ba/?s={search_term_string}"},"query-input":{"@type":"PropertyValueSpecification","valueRequired":true,"valueName":"search_term_string"}}],"inLanguage":"en-US"},{"@type":"Organization","@id":"https://stage.zenica.ba/#organization","name":"Grad Zenica","url":"https://stage.zenica.ba/","logo":{"@type":"ImageObject","inLanguage":"en-US","@id":"https://stage.zenica.ba/#/schema/logo/image/","url":"https://stage.zenica.ba/wp-content/uploads/2023/10/Grb-2.png","contentUrl":"https://stage.zenica.ba/wp-content/uploads/2023/10/Grb-2.png","width":2000,"height":2000,"caption":"Grad Zenica"},"image":{"@id":"https://stage.zenica.ba/#/schema/logo/image/"},"sameAs":["https://www.facebook.com/GradskaupravaZenica"]}]}</script>
<!-- / Yoast SEO plugin. -->

Grad Zenica je jedna od lokalnih zajednica u kojima će se implementirati projekat „Podrška Evropske unije lokalnim partnerstvima za zapošljavanje – Faza II“ (LEP II) koji finansira Evropska unija u iznosu od 4 miliona eura, a realizuje Međunarodna organizacija rada u Bosni i Hercegovini. Grad je glavni podnosilac projektnog prijedloga pod nazivom iSKOraK – Partnerstvo [&hellip;]

Službena stranica grada Zenica
